{"id":21244629,"date":"2023-04-13T10:29:43","date_gmt":"2023-04-13T10:29:43","guid":{"rendered":"https:\/\/frion-kwaliteitsbeeld.nl\/2023\/?page_id=21244629"},"modified":"2024-05-28T12:27:29","modified_gmt":"2024-05-28T12:27:29","slug":"vooruitblik-naar-2024","status":"publish","type":"page","link":"https:\/\/frion-kwaliteitsbeeld.nl\/2023\/samen-duurzaam-verder\/vooruitblik-naar-2024\/","title":{"rendered":"Vooruitblik naar 2024"},"content":{"rendered":"<p>[et_pb_section fb_built=&#8221;1&#8243; _builder_version=&#8221;4.20.4&#8243; _module_preset=&#8221;default&#8221; background_color=&#8221;#E7F3F4&#8243; custom_padding=&#8221;60px||60px||true|false&#8221; global_colors_info=&#8221;{}&#8221;][et_pb_row column_structure=&#8221;3_5,2_5&#8243; make_equal=&#8221;on&#8221; _builder_version=&#8221;4.20.4&#8243; _module_preset=&#8221;default&#8221; global_colors_info=&#8221;{}&#8221;][et_pb_column type=&#8221;3_5&#8243; _builder_version=&#8221;4.20.4&#8243; _module_preset=&#8221;default&#8221; global_colors_info=&#8221;{}&#8221;][et_pb_text _builder_version=&#8221;4.24.2&#8243; _module_preset=&#8221;default&#8221; header_font=&#8221;Chillion||||||||&#8221; header_text_color=&#8221;#203D7C&#8221; header_font_size=&#8221;40px&#8221; custom_margin=&#8221;50px||||false|false&#8221; global_colors_info=&#8221;{}&#8221;]<\/p>\n<h1>Vooruitblik naar 2024<\/h1>\n<p>[\/et_pb_text][\/et_pb_column][et_pb_column type=&#8221;2_5&#8243; _builder_version=&#8221;4.20.4&#8243; _module_preset=&#8221;default&#8221; global_colors_info=&#8221;{}&#8221;][et_pb_image src=&#8221;https:\/\/frion-kwaliteitsbeeld.nl\/2023\/wp-content\/uploads\/2024\/05\/denkend.svg&#8221; title_text=&#8221;denkend&#8221; align=&#8221;center&#8221; force_fullwidth=&#8221;on&#8221; _builder_version=&#8221;4.25.1&#8243; _module_preset=&#8221;default&#8221; module_alignment=&#8221;center&#8221; max_height=&#8221;200px&#8221; animation_style=&#8221;slide&#8221; global_colors_info=&#8221;{}&#8221;][\/et_pb_image][\/et_pb_column][\/et_pb_row][\/et_pb_section][et_pb_section fb_built=&#8221;1&#8243; _builder_version=&#8221;4.20.4&#8243; _module_preset=&#8221;default&#8221; custom_padding=&#8221;80px||120px||false|false&#8221; global_colors_info=&#8221;{}&#8221;][et_pb_row column_structure=&#8221;3_5,2_5&#8243; use_custom_gutter=&#8221;on&#8221; _builder_version=&#8221;4.20.4&#8243; _module_preset=&#8221;default&#8221; global_colors_info=&#8221;{}&#8221;][et_pb_column type=&#8221;3_5&#8243; _builder_version=&#8221;4.20.4&#8243; _module_preset=&#8221;default&#8221; global_colors_info=&#8221;{}&#8221;][et_pb_text _builder_version=&#8221;4.24.2&#8243; _module_preset=&#8221;default&#8221; header_2_font=&#8221;KOMIKH||||||||&#8221; header_2_text_color=&#8221;#000000&#8243; header_2_line_height=&#8221;1.5em&#8221; custom_margin=&#8221;||26px|||&#8221; global_colors_info=&#8221;{}&#8221;]<\/p>\n<h2>De omslag naar een nieuw voorspelbaar jaarrooster met 8-uurs diensten in 2023, leverde voor veel medewerkers een beter balans tussen werk en priv\u00e9 op en bracht ook cli\u00ebnten meer rust.<\/h2>\n<p>[\/et_pb_text][et_pb_text _builder_version=&#8221;4.24.2&#8243; _module_preset=&#8221;default&#8221; header_2_font=&#8221;Chillion||||||||&#8221; header_2_font_size=&#8221;37px&#8221; global_colors_info=&#8221;{}&#8221;]<\/p>\n<p>Ook al is het niet voor iedereen d\u00e9 oplossing geweest, kunnen we toch terugkijken op een mooi jaar. Het is intensief geweest voor medewerkers om de omslag te maken. Helaas is het daarmee niet gelukt om volledig te roosteren binnen kader en wordt er nog regelmatig de hulp van uitzendkrachten en ZZP\u2019ers gevraagd. We realiseren ons dat het nodig is om verder door te bouwen op de ontwikkelingen van 2023. Daarin hebben we niet alleen de creativiteit van onze medewerkers nodig, maar ook van iedereen om onze organisatie heen. Verwanten, het netwerk en ook vrijwilligers zijn hard nodig om de zorg te kunnen blijven bieden.<\/p>\n<p>In 2024 blijven we het gesprek voeren over wat optimale zorg is en hoe we dat kunnen toepassen. Waar we maximale zorg defini\u00ebren als \u2018de meest mogelijke zorg\u2019, defini\u00ebren we optimale zorg als \u2018de best denkbare zorg die aansluit bij wat de cli\u00ebnt, met ondersteuning van zijn netwerk, zou willen en (aan)kan\u2019. Waar het in 2023 nog om bewustwording ging, gaat het in 2024 om het concreet maken. Optimale zorg is een (nog) meer betrokken zorg die leidt tot meer eigenaarschap bij de cli\u00ebnt en een grotere (blijvende) betrokkenheid van het natuurlijk netwerk. Concreet betekent dit dat het netwerk de betrokkenheid houdt die er al was en niet op voorhand alles wordt overgenomen door zorgprofessionals. Zo blijft ieder op zijn \u2018eigen stoel\u2019. De zorgprofessional kan zijn\/haar vak uitoefenen en de verwant blijft in relatie met zijn\/haar naaste vaak met hulp en ondersteuning van vrijwilligers.<\/p>\n<p>We willen het aanwezige potentieel benutten door te kijken naar talenten en potentieel om daar vervolgens ons werk en de zorg op in te richten. Iedereen mag meedoen; als een medewerker bekwaam is, dan is hij\/zij inzetbaar. In dat kader kijken we op een andere manier naar opleidingseisen en bieden we meer en gedegen leerruimte op de werkvloer. Naast de inzet van het natuurlijk netwerk, willen we in 2024 onze flexibele schil vergroten door een zogenoemde spitspool opzetten met studenten, stagiaires en gepensioneerden die tijdens het spitsuur voor een aantal uren meedraaien.<\/p>\n<p>Zorgtechnologie en innovaties kunnen ondersteunend zijn in de context van optimale zorg. Enerzijds doordat dit de zelfstandigheid en de zelfredzaamheid van cli\u00ebnten kan ondersteunen, anderzijds kan het ook de medewerkers helpen. In dit kader zal in 2024 in samenwerking met andere regionale partijen \u2018Zorg Dichtbij\u2019 ge\u00efmplementeerd worden door middel van DigiContact. Voor cli\u00ebnten betekent dit de mogelijkheid tot 24\/7 beeldbellen met begeleiding op afstand, voor medewerkers betekent het dat er een digitale consult functie beschikbaar komt. Daardoor wordt de zorg minder belast en hebben cli\u00ebnten een deskundige beschikbaar op de achtergrond.<\/p>\n<p>Samen werken we aan een duurzame toekomst voor Frion. In een vitale organisatie met vitale medewerkers is daarvoor de kans van slagen het grootst. Niet voor niets is het thema van 2024: <em>Samen duurzaam vitaal.<\/em><\/p>\n<p>[\/et_pb_text][\/et_pb_column][et_pb_column type=&#8221;2_5&#8243; _builder_version=&#8221;4.20.4&#8243; _module_preset=&#8221;default&#8221; global_colors_info=&#8221;{}&#8221;][et_pb_image src=&#8221;https:\/\/frion-kwaliteitsbeeld.nl\/2023\/wp-content\/uploads\/2024\/05\/PTF_1269.jpg&#8221; title_text=&#8221;info@Petertimmerfotografie.nl&#8221; _builder_version=&#8221;4.25.1&#8243; _module_preset=&#8221;default&#8221; width=&#8221;90%&#8221; module_alignment=&#8221;left&#8221; custom_margin=&#8221;||110px||false|false&#8221; hover_enabled=&#8221;0&#8243; box_shadow_style=&#8221;preset4&#8243; box_shadow_horizontal=&#8221;60px&#8221; box_shadow_vertical=&#8221;60px&#8221; box_shadow_color=&#8221;#F2B400&#8243; global_colors_info=&#8221;{}&#8221; sticky_enabled=&#8221;0&#8243;][\/et_pb_image][et_pb_image src=&#8221;https:\/\/frion-kwaliteitsbeeld.nl\/2023\/wp-content\/uploads\/2023\/05\/Middel-23frionmedewerkersV2.svg&#8221; title_text=&#8221;Middel 23frionmedewerkersV2&#8243; _builder_version=&#8221;4.25.1&#8243; _module_preset=&#8221;default&#8221; hover_enabled=&#8221;0&#8243; global_colors_info=&#8221;{}&#8221; sticky_enabled=&#8221;0&#8243;][\/et_pb_image][\/et_pb_column][\/et_pb_row][\/et_pb_section]<\/p>\n","protected":false},"excerpt":{"rendered":"<p>Vooruitblik naar 2024De omslag naar een nieuw voorspelbaar jaarrooster met 8-uurs diensten in 2023, leverde voor veel medewerkers een beter balans tussen werk en priv\u00e9 op en bracht ook cli\u00ebnten meer rust.Ook al is het niet voor iedereen d\u00e9 oplossing geweest, kunnen we toch terugkijken op een mooi jaar. Het is intensief geweest voor medewerkers [&hellip;]<\/p>\n","protected":false},"author":1,"featured_media":0,"parent":180,"menu_order":0,"comment_status":"closed","ping_status":"closed","template":"","meta":{"_et_pb_use_builder":"on","_et_pb_old_content":"","_et_gb_content_width":"","inline_featured_image":false,"footnotes":""},"class_list":["post-21244629","page","type-page","status-publish","hentry"],"_links":{"self":[{"href":"https:\/\/frion-kwaliteitsbeeld.nl\/2023\/wp-json\/wp\/v2\/pages\/21244629","targetHints":{"allow":["GET"]}}],"collection":[{"href":"https:\/\/frion-kwaliteitsbeeld.nl\/2023\/wp-json\/wp\/v2\/pages"}],"about":[{"href":"https:\/\/frion-kwaliteitsbeeld.nl\/2023\/wp-json\/wp\/v2\/types\/page"}],"author":[{"embeddable":true,"href":"https:\/\/frion-kwaliteitsbeeld.nl\/2023\/wp-json\/wp\/v2\/users\/1"}],"replies":[{"embeddable":true,"href":"https:\/\/frion-kwaliteitsbeeld.nl\/2023\/wp-json\/wp\/v2\/comments?post=21244629"}],"version-history":[{"count":9,"href":"https:\/\/frion-kwaliteitsbeeld.nl\/2023\/wp-json\/wp\/v2\/pages\/21244629\/revisions"}],"predecessor-version":[{"id":21246469,"href":"https:\/\/frion-kwaliteitsbeeld.nl\/2023\/wp-json\/wp\/v2\/pages\/21244629\/revisions\/21246469"}],"up":[{"embeddable":true,"href":"https:\/\/frion-kwaliteitsbeeld.nl\/2023\/wp-json\/wp\/v2\/pages\/180"}],"wp:attachment":[{"href":"https:\/\/frion-kwaliteitsbeeld.nl\/2023\/wp-json\/wp\/v2\/media?parent=21244629"}],"curies":[{"name":"wp","href":"https:\/\/api.w.org\/{rel}","templated":true}]}}

<p>[et_pb_section fb_built=&#8221;1&#8243; _builder_version=&#8221;4.20.4&#8243; _module_preset=&#8221;default&#8221; background_color=&#8221;#E7F3F4&#8243; custom_padding=&#8221;60px||60px||true|false&#8221; global_colors_info=&#8221;{}&#8221;][et_pb_row column_structure=&#8221;3_5,2_5&#8243; make_equal=&#8221;on&#8221; _builder_version=&#8221;4.20.4&#8243; _module_preset=&#8221;default&#8221; global_colors_info=&#8221;{}&#8221;][et_pb_column type=&#8221;3_5&#8243; _builder_version=&#8221;4.20.4&#8243; _module_preset=&#8221;default&#8221; global_colors_info=&#8221;{}&#8221;][et_pb_text _builder_version=&#8221;4.24.2&#8243; _module_preset=&#8221;default&#8221; header_font=&#8221;Chillion||||||||&#8221; header_text_color=&#8221;#203D7C&#8221; header_font_size=&#8221;40px&#8221; custom_margin=&#8221;50px||||false|false&#8221; global_colors_info=&#8221;{}&#8221;]</p>
<h1>Vooruitblik naar 2024</h1>
<p>[/et_pb_text][/et_pb_column][et_pb_column type=&#8221;2_5&#8243; _builder_version=&#8221;4.20.4&#8243; _module_preset=&#8221;default&#8221; global_colors_info=&#8221;{}&#8221;][et_pb_image src=&#8221;https://frion-kwaliteitsbeeld.nl/2023/wp-content/uploads/2024/05/denkend.svg&#8221; title_text=&#8221;denkend&#8221; align=&#8221;center&#8221; force_fullwidth=&#8221;on&#8221; _builder_version=&#8221;4.25.1&#8243; _module_preset=&#8221;default&#8221; module_alignment=&#8221;center&#8221; max_height=&#8221;200px&#8221; animation_style=&#8221;slide&#8221; global_colors_info=&#8221;{}&#8221;][/et_pb_image][/et_pb_column][/et_pb_row][/et_pb_section][et_pb_section fb_built=&#8221;1&#8243; _builder_version=&#8221;4.20.4&#8243; _module_preset=&#8221;default&#8221; custom_padding=&#8221;80px||120px||false|false&#8221; global_colors_info=&#8221;{}&#8221;][et_pb_row column_structure=&#8221;3_5,2_5&#8243; use_custom_gutter=&#8221;on&#8221; _builder_version=&#8221;4.20.4&#8243; _module_preset=&#8221;default&#8221; global_colors_info=&#8221;{}&#8221;][et_pb_column type=&#8221;3_5&#8243; _builder_version=&#8221;4.20.4&#8243; _module_preset=&#8221;default&#8221; global_colors_info=&#8221;{}&#8221;][et_pb_text _builder_version=&#8221;4.24.2&#8243; _module_preset=&#8221;default&#8221; header_2_font=&#8221;KOMIKH||||||||&#8221; header_2_text_color=&#8221;#000000&#8243; header_2_line_height=&#8221;1.5em&#8221; custom_margin=&#8221;||26px|||&#8221; global_colors_info=&#8221;{}&#8221;]</p>
<h2>De omslag naar een nieuw voorspelbaar jaarrooster met 8-uurs diensten in 2023, leverde voor veel medewerkers een beter balans tussen werk en privé op en bracht ook cliënten meer rust.</h2>
<p>[/et_pb_text][et_pb_text _builder_version=&#8221;4.24.2&#8243; _module_preset=&#8221;default&#8221; header_2_font=&#8221;Chillion||||||||&#8221; header_2_font_size=&#8221;37px&#8221; global_colors_info=&#8221;{}&#8221;]</p>
<p>Ook al is het niet voor iedereen dé oplossing geweest, kunnen we toch terugkijken op een mooi jaar. Het is intensief geweest voor medewerkers om de omslag te maken. Helaas is het daarmee niet gelukt om volledig te roosteren binnen kader en wordt er nog regelmatig de hulp van uitzendkrachten en ZZP’ers gevraagd. We realiseren ons dat het nodig is om verder door te bouwen op de ontwikkelingen van 2023. Daarin hebben we niet alleen de creativiteit van onze medewerkers nodig, maar ook van iedereen om onze organisatie heen. Verwanten, het netwerk en ook vrijwilligers zijn hard nodig om de zorg te kunnen blijven bieden.</p>
<p>In 2024 blijven we het gesprek voeren over wat optimale zorg is en hoe we dat kunnen toepassen. Waar we maximale zorg definiëren als ‘de meest mogelijke zorg’, definiëren we optimale zorg als ‘de best denkbare zorg die aansluit bij wat de cliënt, met ondersteuning van zijn netwerk, zou willen en (aan)kan’. Waar het in 2023 nog om bewustwording ging, gaat het in 2024 om het concreet maken. Optimale zorg is een (nog) meer betrokken zorg die leidt tot meer eigenaarschap bij de cliënt en een grotere (blijvende) betrokkenheid van het natuurlijk netwerk. Concreet betekent dit dat het netwerk de betrokkenheid houdt die er al was en niet op voorhand alles wordt overgenomen door zorgprofessionals. Zo blijft ieder op zijn ‘eigen stoel’. De zorgprofessional kan zijn/haar vak uitoefenen en de verwant blijft in relatie met zijn/haar naaste vaak met hulp en ondersteuning van vrijwilligers.</p>
<p>We willen het aanwezige potentieel benutten door te kijken naar talenten en potentieel om daar vervolgens ons werk en de zorg op in te richten. Iedereen mag meedoen; als een medewerker bekwaam is, dan is hij/zij inzetbaar. In dat kader kijken we op een andere manier naar opleidingseisen en bieden we meer en gedegen leerruimte op de werkvloer. Naast de inzet van het natuurlijk netwerk, willen we in 2024 onze flexibele schil vergroten door een zogenoemde spitspool opzetten met studenten, stagiaires en gepensioneerden die tijdens het spitsuur voor een aantal uren meedraaien.</p>
<p>Zorgtechnologie en innovaties kunnen ondersteunend zijn in de context van optimale zorg. Enerzijds doordat dit de zelfstandigheid en de zelfredzaamheid van cliënten kan ondersteunen, anderzijds kan het ook de medewerkers helpen. In dit kader zal in 2024 in samenwerking met andere regionale partijen ‘Zorg Dichtbij’ geïmplementeerd worden door middel van DigiContact. Voor cliënten betekent dit de mogelijkheid tot 24/7 beeldbellen met begeleiding op afstand, voor medewerkers betekent het dat er een digitale consult functie beschikbaar komt. Daardoor wordt de zorg minder belast en hebben cliënten een deskundige beschikbaar op de achtergrond.</p>
<p>Samen werken we aan een duurzame toekomst voor Frion. In een vitale organisatie met vitale medewerkers is daarvoor de kans van slagen het grootst. Niet voor niets is het thema van 2024: <em>Samen duurzaam vitaal.</em></p>
<p>[/et_pb_text][/et_pb_column][et_pb_column type=&#8221;2_5&#8243; _builder_version=&#8221;4.20.4&#8243; _module_preset=&#8221;default&#8221; global_colors_info=&#8221;{}&#8221;][et_pb_image src=&#8221;https://frion-kwaliteitsbeeld.nl/2023/wp-content/uploads/2024/05/PTF_1269.jpg&#8221; title_text=&#8221;info@Petertimmerfotografie.nl&#8221; _builder_version=&#8221;4.25.1&#8243; _module_preset=&#8221;default&#8221; width=&#8221;90%&#8221; module_alignment=&#8221;left&#8221; custom_margin=&#8221;||110px||false|false&#8221; hover_enabled=&#8221;0&#8243; box_shadow_style=&#8221;preset4&#8243; box_shadow_horizontal=&#8221;60px&#8221; box_shadow_vertical=&#8221;60px&#8221; box_shadow_color=&#8221;#F2B400&#8243; global_colors_info=&#8221;{}&#8221; sticky_enabled=&#8221;0&#8243;][/et_pb_image][et_pb_image src=&#8221;https://frion-kwaliteitsbeeld.nl/2023/wp-content/uploads/2023/05/Middel-23frionmedewerkersV2.svg&#8221; title_text=&#8221;Middel 23frionmedewerkersV2&#8243; _builder_version=&#8221;4.25.1&#8243; _module_preset=&#8221;default&#8221; hover_enabled=&#8221;0&#8243; global_colors_info=&#8221;{}&#8221; sticky_enabled=&#8221;0&#8243;][/et_pb_image][/et_pb_column][/et_pb_row][/et_pb_section]</p>

<p>Vooruitblik naar 2024De omslag naar een nieuw voorspelbaar jaarrooster met 8-uurs diensten in 2023, leverde voor veel medewerkers een beter balans tussen werk en privé op en bracht ook cliënten meer rust.Ook al is het niet voor iedereen dé oplossing geweest, kunnen we toch terugkijken op een mooi jaar. Het is intensief geweest voor medewerkers [&hellip;]</p>
