{"id":21245632,"date":"2024-05-08T12:23:01","date_gmt":"2024-05-08T12:23:01","guid":{"rendered":"https:\/\/frion-kwaliteitsbeeld.nl\/2023\/?page_id=21245632"},"modified":"2024-05-28T09:43:37","modified_gmt":"2024-05-28T09:43:37","slug":"meedoen-in-de-maatschappij","status":"publish","type":"page","link":"https:\/\/frion-kwaliteitsbeeld.nl\/2023\/onderwerpen\/meedoen-in-de-maatschappij\/","title":{"rendered":"Meedoen in de maatschappij"},"content":{"rendered":"<p>[et_pb_section fb_built=&#8221;1&#8243; _builder_version=&#8221;4.20.4&#8243; _module_preset=&#8221;default&#8221; background_color=&#8221;#E7F3F4&#8243; custom_padding=&#8221;60px||60px||true|false&#8221; global_colors_info=&#8221;{}&#8221;][et_pb_row column_structure=&#8221;3_5,2_5&#8243; make_equal=&#8221;on&#8221; _builder_version=&#8221;4.20.4&#8243; _module_preset=&#8221;default&#8221; global_colors_info=&#8221;{}&#8221;][et_pb_column type=&#8221;3_5&#8243; _builder_version=&#8221;4.20.4&#8243; _module_preset=&#8221;default&#8221; global_colors_info=&#8221;{}&#8221;][et_pb_text _builder_version=&#8221;4.25.1&#8243; _dynamic_attributes=&#8221;content&#8221; _module_preset=&#8221;default&#8221; header_font=&#8221;Chillion||||||||&#8221; header_text_color=&#8221;#93C01F&#8221; header_font_size=&#8221;48px&#8221; custom_margin=&#8221;70px||||false|false&#8221; header_font_size_tablet=&#8221;48px&#8221; header_font_size_phone=&#8221;32px&#8221; header_font_size_last_edited=&#8221;on|phone&#8221; global_colors_info=&#8221;{}&#8221;]@ET-DC@eyJkeW5hbWljIjp0cnVlLCJjb250ZW50IjoicG9zdF90aXRsZSIsInNldHRpbmdzIjp7ImJlZm9yZSI6IjxoMT4iLCJhZnRlciI6IjwvaDE+In19@[\/et_pb_text][\/et_pb_column][et_pb_column type=&#8221;2_5&#8243; _builder_version=&#8221;4.20.4&#8243; _module_preset=&#8221;default&#8221; global_colors_info=&#8221;{}&#8221;][et_pb_image src=&#8221;https:\/\/frion-kwaliteitsbeeld.nl\/2023\/wp-content\/uploads\/2024\/05\/Meedoen-in-de-maatschappij.svg&#8221; title_text=&#8221;Meedoen in de maatschappij&#8221; align=&#8221;center&#8221; force_fullwidth=&#8221;on&#8221; _builder_version=&#8221;4.25.1&#8243; _module_preset=&#8221;default&#8221; module_alignment=&#8221;center&#8221; max_height=&#8221;200px&#8221; animation_style=&#8221;slide&#8221; global_colors_info=&#8221;{}&#8221;][\/et_pb_image][\/et_pb_column][\/et_pb_row][\/et_pb_section][et_pb_section fb_built=&#8221;1&#8243; _builder_version=&#8221;4.20.4&#8243; _module_preset=&#8221;default&#8221; custom_padding=&#8221;80px||120px||false|false&#8221; global_colors_info=&#8221;{}&#8221;][et_pb_row column_structure=&#8221;3_5,2_5&#8243; use_custom_gutter=&#8221;on&#8221; _builder_version=&#8221;4.20.4&#8243; _module_preset=&#8221;default&#8221; global_colors_info=&#8221;{}&#8221;][et_pb_column type=&#8221;3_5&#8243; _builder_version=&#8221;4.20.4&#8243; _module_preset=&#8221;default&#8221; global_colors_info=&#8221;{}&#8221;][et_pb_text _builder_version=&#8221;4.24.2&#8243; _module_preset=&#8221;default&#8221; header_2_font=&#8221;KOMIKH||||||||&#8221; header_2_text_color=&#8221;#000000&#8243; header_2_line_height=&#8221;1.5em&#8221; custom_margin=&#8221;||30px|||&#8221; global_colors_info=&#8221;{}&#8221;]<\/p>\n<h2>Uit de externe visitatie van 2022 en gesprekken met de Centrale Cli\u00ebntenraad (CCR) blijkt dat met name een deel van de cli\u00ebnten met een licht verstandelijke beperking van Frion moeite heeft om mee te doen in de maatschappij.<\/h2>\n<p>[\/et_pb_text][et_pb_text _builder_version=&#8221;4.24.2&#8243; _module_preset=&#8221;default&#8221; global_colors_info=&#8221;{}&#8221;]<\/p>\n<p>Veelal hebben zij veerkracht, maar hebben wel een duwtje in de rug nodig om activiteiten vol te blijven houden. Frion heeft als zorgorganisatie een belangrijk aandeel in het proces van participeren in de samenleving voor mensen met een verstandelijke beperking. Frion heeft een gidsfunctie waarbij zij cli\u00ebnten \u2018gidst\u2019 naar de plek waar zij het beste tot hun recht kunnen komen. Dit geldt voor zowel wonen en werk als voor het aanbieden van passende activiteiten binnen Frion en het onder de aandacht brengen van activiteiten buiten Frion.<\/p>\n<p>Frion is actief in het stimuleren van meedoen in de maatschappij. Dat wil zeggen dat waar het kan cli\u00ebnten een betekenisvolle rol hebben in de maatschappij. De samenwerking met stichting Prokkel is \u00e9\u00e9n van de manieren hoe Frion hier invulling aan geeft. Dit resulteerde bijvoorbeeld in de betrokkenheid van cli\u00ebnten van Frion bij de inclusieve stembureaus tijdens de verkiezingen voor de Provinciale staten en waterschappen in maart. En in 2023 werd onder andere verbinding gelegd met het bedrijfsleven voor \u201cProkkelOpPad\u201d, een initiatief om mensen met en zonder beperking met elkaar in contact te brengen en een activiteit te ondernemen om elkaar beter te leren kennen.<\/p>\n<p>Daarnaast werken we samen met diverse organisaties in de regio in ons dagbestedingsaanbod en helpen onze jobcoaches cli\u00ebnten met het zoeken naar hun kracht en potentieel. De jobcoaches werken vanuit de Emonomy visie (menselijke economie) waarbij er gekeken wordt wie de cli\u00ebnt echt is. Het doel is om een duurzame match te maken tussen cli\u00ebnt en werkplek. Op deze manier draagt Frion eraan bij dat cli\u00ebnten een stevige basis hebben om mee te kunnen doen in de maatschappij en van betekenis kunnen zijn.<\/p>\n<p>[\/et_pb_text][et_pb_image src=&#8221;https:\/\/frion-kwaliteitsbeeld.nl\/2023\/wp-content\/uploads\/2023\/04\/beweging.svg&#8221; title_text=&#8221;beweging&#8221; align=&#8221;center&#8221; _builder_version=&#8221;4.20.4&#8243; _module_preset=&#8221;default&#8221; width=&#8221;100%&#8221; animation_style=&#8221;slide&#8221; global_colors_info=&#8221;{}&#8221;][\/et_pb_image][\/et_pb_column][et_pb_column type=&#8221;2_5&#8243; _builder_version=&#8221;4.20.4&#8243; _module_preset=&#8221;default&#8221; global_colors_info=&#8221;{}&#8221;][et_pb_image src=&#8221;https:\/\/frion-kwaliteitsbeeld.nl\/2023\/wp-content\/uploads\/2024\/05\/frionstembus.jpg&#8221; title_text=&#8221;frionstembus&#8221; _builder_version=&#8221;4.25.1&#8243; _module_preset=&#8221;default&#8221; width=&#8221;90%&#8221; module_alignment=&#8221;left&#8221; custom_margin=&#8221;||110px||false|false&#8221; hover_enabled=&#8221;0&#8243; box_shadow_style=&#8221;preset4&#8243; box_shadow_horizontal=&#8221;60px&#8221; box_shadow_vertical=&#8221;60px&#8221; box_shadow_color=&#8221;#F2B400&#8243; global_colors_info=&#8221;{}&#8221; sticky_enabled=&#8221;0&#8243;][\/et_pb_image][et_pb_text _builder_version=&#8221;4.24.2&#8243; _module_preset=&#8221;default&#8221; header_3_font=&#8221;Isabel Bold Italic||||||||&#8221; header_3_text_color=&#8221;#F08904&#8243; header_3_font_size=&#8221;28px&#8221; header_3_line_height=&#8221;1.2em&#8221; global_colors_info=&#8221;{}&#8221;]<\/p>\n<h3>&#8220;Frion heeft als zorgorganisatie een belangrijk aandeel in het proces van participeren in de samenleving voor mensen met een verstandelijke beperking.&#8221;<\/h3>\n<p>[\/et_pb_text][\/et_pb_column][\/et_pb_row][\/et_pb_section][et_pb_section fb_built=&#8221;1&#8243; _builder_version=&#8221;4.20.4&#8243; _module_preset=&#8221;default&#8221; background_color=&#8221;#E7F3F4&#8243; custom_padding=&#8221;||0px||false|false&#8221; global_colors_info=&#8221;{}&#8221;][et_pb_row _builder_version=&#8221;4.20.4&#8243; _module_preset=&#8221;default&#8221; global_colors_info=&#8221;{}&#8221;][et_pb_column type=&#8221;4_4&#8243; _builder_version=&#8221;4.20.4&#8243; _module_preset=&#8221;default&#8221; global_colors_info=&#8221;{}&#8221;][et_pb_text _builder_version=&#8221;4.20.4&#8243; _module_preset=&#8221;default&#8221; header_2_text_align=&#8221;center&#8221; header_2_font_size=&#8221;44px&#8221; background_color=&#8221;RGBA(255,255,255,0)&#8221; global_colors_info=&#8221;{}&#8221;]<\/p>\n<h2 style=\"text-align: left;\">Verhalen<\/h2>\n<p>[\/et_pb_text][\/et_pb_column][\/et_pb_row][\/et_pb_section][et_pb_section fb_built=&#8221;1&#8243; disabled_on=&#8221;on|on|off&#8221; _builder_version=&#8221;4.20.4&#8243; _module_preset=&#8221;default&#8221; background_color=&#8221;#E7F3F4&#8243; width=&#8221;100%&#8221; max_width=&#8221;100%&#8221; custom_padding=&#8221;0px||||false|false&#8221; global_colors_info=&#8221;{}&#8221;][et_pb_row _builder_version=&#8221;4.20.4&#8243; _module_preset=&#8221;default&#8221; width=&#8221;100%&#8221; max_width=&#8221;100%&#8221; global_colors_info=&#8221;{}&#8221;][et_pb_column type=&#8221;4_4&#8243; _builder_version=&#8221;4.20.4&#8243; _module_preset=&#8221;default&#8221; global_colors_info=&#8221;{}&#8221;][dipi_blog_slider posts_number=&#8221;99&#8243; select_post_type=&#8221;project&#8221; select_custom_tax=&#8221;project_category&#8221; include_term_ids_of_project_category=&#8221;23&#8243; use_thumbnail_height=&#8221;on&#8221; orderby=&#8221;rand&#8221; show_author=&#8221;off&#8221; show_date=&#8221;off&#8221; show_categories=&#8221;off&#8221; show_excerpt=&#8221;off&#8221; columns=&#8221;3&#8243; space_between=&#8221;40&#8243; container_padding=&#8221;30px|40px|30px|40px|false|false&#8221; item_padding=&#8221;|0px|0px|0px|false|false&#8221; speed=&#8221;14000&#8243; loop=&#8221;on&#8221; autoplay=&#8221;on&#8221; pause_on_hover=&#8221;off&#8221; autoplay_speed=&#8221;0&#8243; centered=&#8221;on&#8221; image_animation=&#8221;zoomin&#8221; item_bg_color=&#8221;#ffffff&#8221; _builder_version=&#8221;4.24.2&#8243; _module_preset=&#8221;default&#8221; header_text_align=&#8221;center&#8221; header_font_size=&#8221;18px&#8221; header_line_height=&#8221;1.2em&#8221; custom_margin=&#8221;||||false|false&#8221; custom_padding=&#8221;||||false|false&#8221; global_colors_info=&#8221;{}&#8221;][\/dipi_blog_slider][\/et_pb_column][\/et_pb_row][\/et_pb_section][et_pb_section fb_built=&#8221;1&#8243; disabled_on=&#8221;off|off|on&#8221; _builder_version=&#8221;4.20.4&#8243; _module_preset=&#8221;default&#8221; background_color=&#8221;#E7F3F4&#8243; global_colors_info=&#8221;{}&#8221;][et_pb_row _builder_version=&#8221;4.20.4&#8243; _module_preset=&#8221;default&#8221; global_colors_info=&#8221;{}&#8221;][et_pb_column type=&#8221;4_4&#8243; _builder_version=&#8221;4.20.4&#8243; _module_preset=&#8221;default&#8221; global_colors_info=&#8221;{}&#8221;][et_pb_portfolio fullwidth=&#8221;off&#8221; posts_number=&#8221;99&#8243; include_categories=&#8221;23&#8243; _builder_version=&#8221;4.24.2&#8243; _module_preset=&#8221;default&#8221; caption_line_height=&#8221;1.4em&#8221; global_colors_info=&#8221;{}&#8221;][\/et_pb_portfolio][\/et_pb_column][\/et_pb_row][\/et_pb_section]<\/p>\n","protected":false},"excerpt":{"rendered":"<p>Uit de externe visitatie van 2022 en gesprekken met de Centrale Cli\u00ebntenraad (CCR) blijkt dat met name een deel van de cli\u00ebnten met een licht verstandelijke beperking van Frion moeite heeft om mee te doen in de maatschappij.Veelal hebben zij veerkracht, maar hebben wel een duwtje in de rug nodig om activiteiten vol te blijven [&hellip;]<\/p>\n","protected":false},"author":1,"featured_media":0,"parent":59,"menu_order":5,"comment_status":"closed","ping_status":"closed","template":"","meta":{"_et_pb_use_builder":"on","_et_pb_old_content":"","_et_gb_content_width":"","inline_featured_image":false,"footnotes":""},"class_list":["post-21245632","page","type-page","status-publish","hentry"],"_links":{"self":[{"href":"https:\/\/frion-kwaliteitsbeeld.nl\/2023\/wp-json\/wp\/v2\/pages\/21245632","targetHints":{"allow":["GET"]}}],"collection":[{"href":"https:\/\/frion-kwaliteitsbeeld.nl\/2023\/wp-json\/wp\/v2\/pages"}],"about":[{"href":"https:\/\/frion-kwaliteitsbeeld.nl\/2023\/wp-json\/wp\/v2\/types\/page"}],"author":[{"embeddable":true,"href":"https:\/\/frion-kwaliteitsbeeld.nl\/2023\/wp-json\/wp\/v2\/users\/1"}],"replies":[{"embeddable":true,"href":"https:\/\/frion-kwaliteitsbeeld.nl\/2023\/wp-json\/wp\/v2\/comments?post=21245632"}],"version-history":[{"count":6,"href":"https:\/\/frion-kwaliteitsbeeld.nl\/2023\/wp-json\/wp\/v2\/pages\/21245632\/revisions"}],"predecessor-version":[{"id":21246429,"href":"https:\/\/frion-kwaliteitsbeeld.nl\/2023\/wp-json\/wp\/v2\/pages\/21245632\/revisions\/21246429"}],"up":[{"embeddable":true,"href":"https:\/\/frion-kwaliteitsbeeld.nl\/2023\/wp-json\/wp\/v2\/pages\/59"}],"wp:attachment":[{"href":"https:\/\/frion-kwaliteitsbeeld.nl\/2023\/wp-json\/wp\/v2\/media?parent=21245632"}],"curies":[{"name":"wp","href":"https:\/\/api.w.org\/{rel}","templated":true}]}}

<p>[et_pb_section fb_built=&#8221;1&#8243; _builder_version=&#8221;4.20.4&#8243; _module_preset=&#8221;default&#8221; background_color=&#8221;#E7F3F4&#8243; custom_padding=&#8221;60px||60px||true|false&#8221; global_colors_info=&#8221;{}&#8221;][et_pb_row column_structure=&#8221;3_5,2_5&#8243; make_equal=&#8221;on&#8221; _builder_version=&#8221;4.20.4&#8243; _module_preset=&#8221;default&#8221; global_colors_info=&#8221;{}&#8221;][et_pb_column type=&#8221;3_5&#8243; _builder_version=&#8221;4.20.4&#8243; _module_preset=&#8221;default&#8221; global_colors_info=&#8221;{}&#8221;][et_pb_text _builder_version=&#8221;4.25.1&#8243; _dynamic_attributes=&#8221;content&#8221; _module_preset=&#8221;default&#8221; header_font=&#8221;Chillion||||||||&#8221; header_text_color=&#8221;#93C01F&#8221; header_font_size=&#8221;48px&#8221; custom_margin=&#8221;70px||||false|false&#8221; header_font_size_tablet=&#8221;48px&#8221; header_font_size_phone=&#8221;32px&#8221; header_font_size_last_edited=&#8221;on|phone&#8221; global_colors_info=&#8221;{}&#8221;]@ET-DC@eyJkeW5hbWljIjp0cnVlLCJjb250ZW50IjoicG9zdF90aXRsZSIsInNldHRpbmdzIjp7ImJlZm9yZSI6IjxoMT4iLCJhZnRlciI6IjwvaDE+In19@[/et_pb_text][/et_pb_column][et_pb_column type=&#8221;2_5&#8243; _builder_version=&#8221;4.20.4&#8243; _module_preset=&#8221;default&#8221; global_colors_info=&#8221;{}&#8221;][et_pb_image src=&#8221;https://frion-kwaliteitsbeeld.nl/2023/wp-content/uploads/2024/05/Meedoen-in-de-maatschappij.svg&#8221; title_text=&#8221;Meedoen in de maatschappij&#8221; align=&#8221;center&#8221; force_fullwidth=&#8221;on&#8221; _builder_version=&#8221;4.25.1&#8243; _module_preset=&#8221;default&#8221; module_alignment=&#8221;center&#8221; max_height=&#8221;200px&#8221; animation_style=&#8221;slide&#8221; global_colors_info=&#8221;{}&#8221;][/et_pb_image][/et_pb_column][/et_pb_row][/et_pb_section][et_pb_section fb_built=&#8221;1&#8243; _builder_version=&#8221;4.20.4&#8243; _module_preset=&#8221;default&#8221; custom_padding=&#8221;80px||120px||false|false&#8221; global_colors_info=&#8221;{}&#8221;][et_pb_row column_structure=&#8221;3_5,2_5&#8243; use_custom_gutter=&#8221;on&#8221; _builder_version=&#8221;4.20.4&#8243; _module_preset=&#8221;default&#8221; global_colors_info=&#8221;{}&#8221;][et_pb_column type=&#8221;3_5&#8243; _builder_version=&#8221;4.20.4&#8243; _module_preset=&#8221;default&#8221; global_colors_info=&#8221;{}&#8221;][et_pb_text _builder_version=&#8221;4.24.2&#8243; _module_preset=&#8221;default&#8221; header_2_font=&#8221;KOMIKH||||||||&#8221; header_2_text_color=&#8221;#000000&#8243; header_2_line_height=&#8221;1.5em&#8221; custom_margin=&#8221;||30px|||&#8221; global_colors_info=&#8221;{}&#8221;]</p>
<h2>Uit de externe visitatie van 2022 en gesprekken met de Centrale Cliëntenraad (CCR) blijkt dat met name een deel van de cliënten met een licht verstandelijke beperking van Frion moeite heeft om mee te doen in de maatschappij.</h2>
<p>[/et_pb_text][et_pb_text _builder_version=&#8221;4.24.2&#8243; _module_preset=&#8221;default&#8221; global_colors_info=&#8221;{}&#8221;]</p>
<p>Veelal hebben zij veerkracht, maar hebben wel een duwtje in de rug nodig om activiteiten vol te blijven houden. Frion heeft als zorgorganisatie een belangrijk aandeel in het proces van participeren in de samenleving voor mensen met een verstandelijke beperking. Frion heeft een gidsfunctie waarbij zij cliënten ‘gidst’ naar de plek waar zij het beste tot hun recht kunnen komen. Dit geldt voor zowel wonen en werk als voor het aanbieden van passende activiteiten binnen Frion en het onder de aandacht brengen van activiteiten buiten Frion.</p>
<p>Frion is actief in het stimuleren van meedoen in de maatschappij. Dat wil zeggen dat waar het kan cliënten een betekenisvolle rol hebben in de maatschappij. De samenwerking met stichting Prokkel is één van de manieren hoe Frion hier invulling aan geeft. Dit resulteerde bijvoorbeeld in de betrokkenheid van cliënten van Frion bij de inclusieve stembureaus tijdens de verkiezingen voor de Provinciale staten en waterschappen in maart. En in 2023 werd onder andere verbinding gelegd met het bedrijfsleven voor “ProkkelOpPad”, een initiatief om mensen met en zonder beperking met elkaar in contact te brengen en een activiteit te ondernemen om elkaar beter te leren kennen.</p>
<p>Daarnaast werken we samen met diverse organisaties in de regio in ons dagbestedingsaanbod en helpen onze jobcoaches cliënten met het zoeken naar hun kracht en potentieel. De jobcoaches werken vanuit de Emonomy visie (menselijke economie) waarbij er gekeken wordt wie de cliënt echt is. Het doel is om een duurzame match te maken tussen cliënt en werkplek. Op deze manier draagt Frion eraan bij dat cliënten een stevige basis hebben om mee te kunnen doen in de maatschappij en van betekenis kunnen zijn.</p>
<p>[/et_pb_text][et_pb_image src=&#8221;https://frion-kwaliteitsbeeld.nl/2023/wp-content/uploads/2023/04/beweging.svg&#8221; title_text=&#8221;beweging&#8221; align=&#8221;center&#8221; _builder_version=&#8221;4.20.4&#8243; _module_preset=&#8221;default&#8221; width=&#8221;100%&#8221; animation_style=&#8221;slide&#8221; global_colors_info=&#8221;{}&#8221;][/et_pb_image][/et_pb_column][et_pb_column type=&#8221;2_5&#8243; _builder_version=&#8221;4.20.4&#8243; _module_preset=&#8221;default&#8221; global_colors_info=&#8221;{}&#8221;][et_pb_image src=&#8221;https://frion-kwaliteitsbeeld.nl/2023/wp-content/uploads/2024/05/frionstembus.jpg&#8221; title_text=&#8221;frionstembus&#8221; _builder_version=&#8221;4.25.1&#8243; _module_preset=&#8221;default&#8221; width=&#8221;90%&#8221; module_alignment=&#8221;left&#8221; custom_margin=&#8221;||110px||false|false&#8221; hover_enabled=&#8221;0&#8243; box_shadow_style=&#8221;preset4&#8243; box_shadow_horizontal=&#8221;60px&#8221; box_shadow_vertical=&#8221;60px&#8221; box_shadow_color=&#8221;#F2B400&#8243; global_colors_info=&#8221;{}&#8221; sticky_enabled=&#8221;0&#8243;][/et_pb_image][et_pb_text _builder_version=&#8221;4.24.2&#8243; _module_preset=&#8221;default&#8221; header_3_font=&#8221;Isabel Bold Italic||||||||&#8221; header_3_text_color=&#8221;#F08904&#8243; header_3_font_size=&#8221;28px&#8221; header_3_line_height=&#8221;1.2em&#8221; global_colors_info=&#8221;{}&#8221;]</p>
<h3>&#8220;Frion heeft als zorgorganisatie een belangrijk aandeel in het proces van participeren in de samenleving voor mensen met een verstandelijke beperking.&#8221;</h3>
<p>[/et_pb_text][/et_pb_column][/et_pb_row][/et_pb_section][et_pb_section fb_built=&#8221;1&#8243; _builder_version=&#8221;4.20.4&#8243; _module_preset=&#8221;default&#8221; background_color=&#8221;#E7F3F4&#8243; custom_padding=&#8221;||0px||false|false&#8221; global_colors_info=&#8221;{}&#8221;][et_pb_row _builder_version=&#8221;4.20.4&#8243; _module_preset=&#8221;default&#8221; global_colors_info=&#8221;{}&#8221;][et_pb_column type=&#8221;4_4&#8243; _builder_version=&#8221;4.20.4&#8243; _module_preset=&#8221;default&#8221; global_colors_info=&#8221;{}&#8221;][et_pb_text _builder_version=&#8221;4.20.4&#8243; _module_preset=&#8221;default&#8221; header_2_text_align=&#8221;center&#8221; header_2_font_size=&#8221;44px&#8221; background_color=&#8221;RGBA(255,255,255,0)&#8221; global_colors_info=&#8221;{}&#8221;]</p>
<h2 style="text-align: left;">Verhalen</h2>
<p>[/et_pb_text][/et_pb_column][/et_pb_row][/et_pb_section][et_pb_section fb_built=&#8221;1&#8243; disabled_on=&#8221;on|on|off&#8221; _builder_version=&#8221;4.20.4&#8243; _module_preset=&#8221;default&#8221; background_color=&#8221;#E7F3F4&#8243; width=&#8221;100%&#8221; max_width=&#8221;100%&#8221; custom_padding=&#8221;0px||||false|false&#8221; global_colors_info=&#8221;{}&#8221;][et_pb_row _builder_version=&#8221;4.20.4&#8243; _module_preset=&#8221;default&#8221; width=&#8221;100%&#8221; max_width=&#8221;100%&#8221; global_colors_info=&#8221;{}&#8221;][et_pb_column type=&#8221;4_4&#8243; _builder_version=&#8221;4.20.4&#8243; _module_preset=&#8221;default&#8221; global_colors_info=&#8221;{}&#8221;][dipi_blog_slider posts_number=&#8221;99&#8243; select_post_type=&#8221;project&#8221; select_custom_tax=&#8221;project_category&#8221; include_term_ids_of_project_category=&#8221;23&#8243; use_thumbnail_height=&#8221;on&#8221; orderby=&#8221;rand&#8221; show_author=&#8221;off&#8221; show_date=&#8221;off&#8221; show_categories=&#8221;off&#8221; show_excerpt=&#8221;off&#8221; columns=&#8221;3&#8243; space_between=&#8221;40&#8243; container_padding=&#8221;30px|40px|30px|40px|false|false&#8221; item_padding=&#8221;|0px|0px|0px|false|false&#8221; speed=&#8221;14000&#8243; loop=&#8221;on&#8221; autoplay=&#8221;on&#8221; pause_on_hover=&#8221;off&#8221; autoplay_speed=&#8221;0&#8243; centered=&#8221;on&#8221; image_animation=&#8221;zoomin&#8221; item_bg_color=&#8221;#ffffff&#8221; _builder_version=&#8221;4.24.2&#8243; _module_preset=&#8221;default&#8221; header_text_align=&#8221;center&#8221; header_font_size=&#8221;18px&#8221; header_line_height=&#8221;1.2em&#8221; custom_margin=&#8221;||||false|false&#8221; custom_padding=&#8221;||||false|false&#8221; global_colors_info=&#8221;{}&#8221;][/dipi_blog_slider][/et_pb_column][/et_pb_row][/et_pb_section][et_pb_section fb_built=&#8221;1&#8243; disabled_on=&#8221;off|off|on&#8221; _builder_version=&#8221;4.20.4&#8243; _module_preset=&#8221;default&#8221; background_color=&#8221;#E7F3F4&#8243; global_colors_info=&#8221;{}&#8221;][et_pb_row _builder_version=&#8221;4.20.4&#8243; _module_preset=&#8221;default&#8221; global_colors_info=&#8221;{}&#8221;][et_pb_column type=&#8221;4_4&#8243; _builder_version=&#8221;4.20.4&#8243; _module_preset=&#8221;default&#8221; global_colors_info=&#8221;{}&#8221;][et_pb_portfolio fullwidth=&#8221;off&#8221; posts_number=&#8221;99&#8243; include_categories=&#8221;23&#8243; _builder_version=&#8221;4.24.2&#8243; _module_preset=&#8221;default&#8221; caption_line_height=&#8221;1.4em&#8221; global_colors_info=&#8221;{}&#8221;][/et_pb_portfolio][/et_pb_column][/et_pb_row][/et_pb_section]</p>

<p>Uit de externe visitatie van 2022 en gesprekken met de Centrale Cliëntenraad (CCR) blijkt dat met name een deel van de cliënten met een licht verstandelijke beperking van Frion moeite heeft om mee te doen in de maatschappij.Veelal hebben zij veerkracht, maar hebben wel een duwtje in de rug nodig om activiteiten vol te blijven [&hellip;]</p>
